{"id":17,"date":"2025-07-02T12:28:02","date_gmt":"2025-07-02T12:28:02","guid":{"rendered":"http:\/\/avernette.org\/?page_id=17"},"modified":"2025-09-24T13:17:01","modified_gmt":"2025-09-24T13:17:01","slug":"accueil","status":"publish","type":"page","link":"http:\/\/avernette.org\/","title":{"rendered":"Accueil"},"content":{"rendered":"\n<figure class=\"wp-block-image size-large\"><img loading=\"lazy\" decoding=\"async\" width=\"1024\" height=\"640\" src=\"http:\/\/avernette.org\/wp-content\/uploads\/2025\/07\/Avernette-1024x640.jpg\" alt=\"\" class=\"wp-image-48\" srcset=\"http:\/\/avernette.org\/wp-content\/uploads\/2025\/07\/Avernette-1024x640.jpg 1024w, http:\/\/avernette.org\/wp-content\/uploads\/2025\/07\/Avernette-300x188.jpg 300w, http:\/\/avernette.org\/wp-content\/uploads\/2025\/07\/Avernette-768x480.jpg 768w, http:\/\/avernette.org\/wp-content\/uploads\/2025\/07\/Avernette.jpg 1280w\" sizes=\"auto, (max-width: 767px) 89vw, (max-width: 1000px) 54vw, (max-width: 1071px) 543px, 580px\" \/><\/figure>\n\n\n\n<div class=\"wp-block-columns are-vertically-aligned-center is-layout-flex wp-container-core-columns-is-layout-9d6595d7 wp-block-columns-is-layout-flex\">\n<div class=\"wp-block-column is-vertically-aligned-center is-layout-flow wp-block-column-is-layout-flow\" style=\"flex-basis:100%\"><\/div>\n<\/div>\n\n\n\n<div class=\"wp-block-media-text is-stacked-on-mobile\" style=\"grid-template-columns:41% auto\"><figure class=\"wp-block-media-text__media\"><img loading=\"lazy\" decoding=\"async\" width=\"265\" height=\"168\" src=\"http:\/\/avernette.org\/wp-content\/uploads\/2025\/07\/image-5.png\" alt=\"\" class=\"wp-image-260 size-full\"\/><\/figure><div class=\"wp-block-media-text__content\">\n<p class=\"has-vivid-cyan-blue-color has-text-color has-link-color wp-elements-cd657e169787d826c3c02a7aa838ae72\"><em>Glossaire \u00c9tymologique Et Historique Des Parlers Et Patois de L&rsquo;anjou (A.-J. Verrier &amp; R. Onillon, 1908) (Tome 1)<\/em><\/p>\n\n\n\n<p class=\"has-vivid-cyan-blue-color has-text-color has-link-color has-medium-font-size wp-elements-bb1794573e0449147c30a28ad9772488\"><em><strong>En ancien patois angevin Avernette veut dire \u00ab Aventure \u00bb un chemin fait de questionnements  et de richesses.<\/strong><\/em><\/p>\n<\/div><\/div>\n\n\n\n<h1 class=\"wp-block-heading has-large-font-size\"><strong><mark style=\"background-color:rgba(0, 0, 0, 0)\" class=\"has-inline-color has-vivid-cyan-blue-color\">L&rsquo;habitat participatif, c&rsquo;est quoi ? <\/mark><\/strong><\/h1>\n\n\n\n<p class=\"has-text-align-center has-medium-font-size\"><mark style=\"background-color:rgba(0, 0, 0, 0)\" class=\"has-inline-color has-vivid-cyan-blue-color\"><strong>L\u2019habitat participatif, c\u2019est construire avec ses voisin.e.s de nouvelles mani\u00e8res de se loger, plus solidaires, plus conviviales, plus durables<\/strong><\/mark>.<\/p>\n\n\n\n<p class=\"has-vivid-red-color has-text-color has-link-color has-medium-font-size wp-elements-e3d8e9336fff8799336255c7c18c065e\"><strong>UNE AVENTURE COLLECTIVE<\/strong><\/p>\n\n\n\n<div class=\"wp-block-media-text is-stacked-on-mobile\"><figure class=\"wp-block-media-text__media\"><img loading=\"lazy\" decoding=\"async\" width=\"1024\" height=\"768\" src=\"http:\/\/avernette.org\/wp-content\/uploads\/2025\/07\/reunion-2023.6-1-1024x768.jpg\" alt=\"\" class=\"wp-image-208 size-full\" srcset=\"http:\/\/avernette.org\/wp-content\/uploads\/2025\/07\/reunion-2023.6-1-1024x768.jpg 1024w, http:\/\/avernette.org\/wp-content\/uploads\/2025\/07\/reunion-2023.6-1-300x225.jpg 300w, http:\/\/avernette.org\/wp-content\/uploads\/2025\/07\/reunion-2023.6-1-768x576.jpg 768w, http:\/\/avernette.org\/wp-content\/uploads\/2025\/07\/reunion-2023.6-1-1536x1152.jpg 1536w, http:\/\/avernette.org\/wp-content\/uploads\/2025\/07\/reunion-2023.6-1.jpg 2016w\" sizes=\"auto, (max-width: 767px) 89vw, (max-width: 1000px) 54vw, (max-width: 1071px) 543px, 580px\" \/><\/figure><div class=\"wp-block-media-text__content\">\n<p>L\u2019habitat participatif est une d\u00e9marche collective qui permet \u00e0 un groupe de personnes de s\u2019associer pour concevoir ensemble leur projet d\u2019habitat, associ\u00e9s ou non \u00e0 un op\u00e9rateur immobilier. <br>Les futurs habitants participent \u00e0 la<br>conception de leurs logements et des espaces destin\u00e9s \u00e0 \u00eatre partag\u00e9s. <br>Ils peuvent ainsi construire ou r\u00e9nover un b\u00e2timent, adapter leurs logements \u00e0 leurs besoins, exp\u00e9rimenter et<br>inventer des modes d&rsquo;habiter.<br>Ce terme rassemble une grande diversit\u00e9 de situations qui rendent la d\u00e9marche accessible \u00e0 de nombreux m\u00e9nages selon l\u2019\u00e9nergie, le temps et les moyens de chacun.<\/p>\n<\/div><\/div>\n\n\n\n<p><\/p>\n\n\n\n<h2 class=\"wp-block-heading has-vivid-red-color has-text-color has-link-color wp-elements-196c09aa6bd0e6056e6759ef4eddd55e\"><strong>UNE COOP\u00c9RATIVE D&rsquo;HABITANTS<\/strong><\/h2>\n\n\n\n<div class=\"wp-block-cover\" style=\"min-height:492px;aspect-ratio:unset;\"><img loading=\"lazy\" decoding=\"async\" width=\"226\" height=\"298\" class=\"wp-block-cover__image-background wp-image-104\" alt=\"\" src=\"http:\/\/avernette.org\/wp-content\/uploads\/2025\/07\/ecologique-1.png\" data-object-fit=\"cover\"\/><span aria-hidden=\"true\" class=\"wp-block-cover__background has-background-dim\"><\/span><div class=\"wp-block-cover__inner-container is-layout-flow wp-block-cover-is-layout-flow\">\n<div class=\"wp-block-group\"><div class=\"wp-block-group__inner-container is-layout-constrained wp-block-group-is-layout-constrained\">\n<p>La nature juridique de la coop\u00e9rative se distingue des autres projets d\u2019habitat participatif par le mod\u00e8le de la &nbsp;<strong>propri\u00e9t\u00e9 collective<\/strong>. Dans une coop\u00e9rative d\u2019habitant, les habitants ne sont pas individuellement propri\u00e9taires.Ils sont associ\u00e9es, ou coop\u00e9rateurs, C\u2019est la coop\u00e9rative qui est propri\u00e9taire.L\u2019acquisition du terrain, et la construction du logement se fait gr\u00e2ce \u00e0 des parts sociales, achet\u00e9s par les futurs habitants,. C\u2019est l\u2019apport de d\u00e9part, qui sera compl\u00e9t\u00e9 par un pr\u00eat souscrit par la coop\u00e9rative.Le financement, est donc collectif, et il peut \u00eatre mutualis\u00e9\u2026Chacun participe selon ses possibilit\u00e9s, dans le mesure o\u00f9 la globalit\u00e9 de l&rsquo;op\u00e9ration est financ\u00e9e.<\/p>\n\n\n\n<p>Les coop\u00e9rateurs.trices deviennent ensuite, usagers de la coop\u00e9rative en&nbsp; habitant leur logement, et versent une redevance \u00e0 la coop\u00e9rative. Ces redevances permettent \u00e0 la coop\u00e9rative de s\u2019acquitter de ses charges de remboursement d\u2019emprunt. Elles assurent aussi une provision pour grosses r\u00e9parations , et pour vacances de loyer et impay\u00e9s. En cas de d\u00e9part d&rsquo;un.e coop\u00e9rateurs.trices, la coop\u00e9rative est tenu de lui rembourser les parts sociales vers\u00e9es au d\u00e9part.<\/p>\n\n\n\n<p><\/p>\n<\/div><\/div>\n<\/div><\/div>\n\n\n\n<h2 class=\"wp-block-heading\"><strong>FOIRE AUX QUESTIONS &#8211; COOP\u00c9RATIVE<\/strong><\/h2>\n\n\n\n<p>Les statuts de notre coop\u00e9rative sont en cours de r\u00e9daction, ils devraient \u00eatre d\u00e9pos\u00e9s en fin d&rsquo;ann\u00e9e 2025. En attendant de disposer de nos propres documents, nous proposons ci dessous un lien vers la Foire aux questions d&rsquo;une coop\u00e9rative d&rsquo;habitants ouverte depuis mars 2024 \u00e0 St Macaire en Mauges. Nous avons le m\u00eame accompagnateur, par cons\u00e9quent les r\u00e9ponses de l&rsquo;Avernette ne devraient pas beaucoup diverger. <strong>MERCI A VOISIN&rsquo;AGES POUR CET AIMABLE PARTAGE .<\/strong><\/p>\n\n\n\n<figure class=\"wp-block-embed is-type-wp-embed is-provider-voisin-039-ages wp-block-embed-voisin-039-ages\"><div class=\"wp-block-embed__wrapper\">\n<blockquote class=\"wp-embedded-content\" data-secret=\"s2auquLMDI\"><a href=\"https:\/\/habitatparticipatifvoisinages.fr\/la-cooperative\/foire-aux-questions\/\">Foire aux Questions<\/a><\/blockquote><iframe loading=\"lazy\" class=\"wp-embedded-content\" sandbox=\"allow-scripts\" security=\"restricted\" style=\"position: absolute; visibility: hidden;\" title=\"\u00ab\u00a0Foire aux Questions\u00a0\u00bb &#8212; Voisin&#039;Ages\" src=\"https:\/\/habitatparticipatifvoisinages.fr\/la-cooperative\/foire-aux-questions\/embed\/#?secret=R7oQ3apT3f#?secret=s2auquLMDI\" data-secret=\"s2auquLMDI\" width=\"525\" height=\"296\" frameborder=\"0\" marginwidth=\"0\" marginheight=\"0\" scrolling=\"no\"><\/iframe>\n<\/div><\/figure>\n\n\n\n<h2 class=\"wp-block-heading has-vivid-red-color has-text-color has-link-color wp-elements-5112b134382568e56a9b434d82d38979\"><strong>UNE HISTOIRE ET UN AVENIR TOURN\u00c9S VERS LE QUARTIER<\/strong><\/h2>\n\n\n\n<div class=\"wp-block-media-text is-stacked-on-mobile\" style=\"grid-template-columns:44% auto\"><figure class=\"wp-block-media-text__media\"><img loading=\"lazy\" decoding=\"async\" width=\"1024\" height=\"768\" src=\"http:\/\/avernette.org\/wp-content\/uploads\/2025\/07\/mairie-26-sept-2024-1.jpg1_-1.jpg-3-1-1024x768.jpg\" alt=\"\" class=\"wp-image-264 size-full\" srcset=\"http:\/\/avernette.org\/wp-content\/uploads\/2025\/07\/mairie-26-sept-2024-1.jpg1_-1.jpg-3-1-1024x768.jpg 1024w, http:\/\/avernette.org\/wp-content\/uploads\/2025\/07\/mairie-26-sept-2024-1.jpg1_-1.jpg-3-1-300x225.jpg 300w, http:\/\/avernette.org\/wp-content\/uploads\/2025\/07\/mairie-26-sept-2024-1.jpg1_-1.jpg-3-1-768x576.jpg 768w, http:\/\/avernette.org\/wp-content\/uploads\/2025\/07\/mairie-26-sept-2024-1.jpg1_-1.jpg-3-1-1536x1152.jpg 1536w, http:\/\/avernette.org\/wp-content\/uploads\/2025\/07\/mairie-26-sept-2024-1.jpg1_-1.jpg-3-1.jpg 1984w\" sizes=\"auto, (max-width: 767px) 89vw, (max-width: 1000px) 54vw, (max-width: 1071px) 543px, 580px\" \/><\/figure><div class=\"wp-block-media-text__content\">\n<p>L\u2019Avernette est un projet d\u2019habitat participatif interg\u00e9n\u00e9rationnel initi\u00e9 \u00e0 partir d\u2019un groupe d\u2019habitant.e.s de Murs Erign\u00e9 en 2018\/2019. Structur\u00e9e en Association loi 1901 en juin 2020, l\u2019Avernette a pris contact  cette m\u00eame ann\u00e9e avec la mairie de Ste Gemmes sur Loire pour aboutir en 2022 \u00e0 la r\u00e9servation d&rsquo;une parcelle dans la ZAC de la Jolivetterie. En f\u00e9vrier 2024, l\u2019Avernette valide&nbsp; la proposition de l\u2019am\u00e9nageur concernant l\u2019emplacement , la surface et la forme d\u2019un ilot de 2091 m\u00b2 situ\u00e9e \u00e0 la limite Nord Est de la parcelle globale. <\/p>\n\n\n\n<p>Le projet Avernette, s&rsquo;inclue dans une op\u00e9ration d\u2019am\u00e9nagement ambitieux et cons\u00e9quent visant le label \u00ab\u00a0\u00e9co-quartier\u00a0\u00bb .<\/p>\n\n\n\n<p>Il s&rsquo;inscrit dans un dynamique d&rsquo;ouverture   aux habitants du quartier et de la commune. Les activit\u00e9s collectives ou festives seront accessibles aux personnes ext\u00e9rieures. Un jardin potager  partag\u00e9 au sein de la ZAC sera anim\u00e9 par l&rsquo;Avernette, symbole de notre volont\u00e9 de cr\u00e9er un espace de<br>partage et de transmission. <br><\/p>\n<\/div><\/div>\n\n\n\n<p><\/p>\n","protected":false},"excerpt":{"rendered":"<p>Glossaire \u00c9tymologique Et Historique Des Parlers Et Patois de L&rsquo;anjou (A.-J. Verrier &amp; R. Onillon, 1908) (Tome 1) En ancien patois angevin Avernette veut dire \u00ab Aventure \u00bb un chemin fait de questionnements et de richesses. L&rsquo;habitat participatif, c&rsquo;est quoi ? L\u2019habitat participatif, c\u2019est construire avec ses voisin.e.s de nouvelles mani\u00e8res de se loger, plus &hellip; <\/p>\n<p class=\"link-more\"><a href=\"http:\/\/avernette.org\/\" class=\"more-link\">Continuer la lecture<span class=\"screen-reader-text\"> de &laquo;&nbsp;Accueil&nbsp;&raquo;<\/span><\/a><\/p>\n","protected":false},"author":1,"featured_media":0,"parent":0,"menu_order":0,"comment_status":"closed","ping_status":"closed","template":"","meta":{"footnotes":""},"class_list":["post-17","page","type-page","status-publish","hentry"],"_links":{"self":[{"href":"http:\/\/avernette.org\/index.php\/wp-json\/wp\/v2\/pages\/17","targetHints":{"allow":["GET"]}}],"collection":[{"href":"http:\/\/avernette.org\/index.php\/wp-json\/wp\/v2\/pages"}],"about":[{"href":"http:\/\/avernette.org\/index.php\/wp-json\/wp\/v2\/types\/page"}],"author":[{"embeddable":true,"href":"http:\/\/avernette.org\/index.php\/wp-json\/wp\/v2\/users\/1"}],"replies":[{"embeddable":true,"href":"http:\/\/avernette.org\/index.php\/wp-json\/wp\/v2\/comments?post=17"}],"version-history":[{"count":40,"href":"http:\/\/avernette.org\/index.php\/wp-json\/wp\/v2\/pages\/17\/revisions"}],"predecessor-version":[{"id":411,"href":"http:\/\/avernette.org\/index.php\/wp-json\/wp\/v2\/pages\/17\/revisions\/411"}],"wp:attachment":[{"href":"http:\/\/avernette.org\/index.php\/wp-json\/wp\/v2\/media?parent=17"}],"curies":[{"name":"wp","href":"https:\/\/api.w.org\/{rel}","templated":true}]}}

<figure class="wp-block-image size-large"><img loading="lazy" decoding="async" width="1024" height="640" src="http://avernette.org/wp-content/uploads/2025/07/Avernette-1024x640.jpg" alt="" class="wp-image-48" srcset="http://avernette.org/wp-content/uploads/2025/07/Avernette-1024x640.jpg 1024w, http://avernette.org/wp-content/uploads/2025/07/Avernette-300x188.jpg 300w, http://avernette.org/wp-content/uploads/2025/07/Avernette-768x480.jpg 768w, http://avernette.org/wp-content/uploads/2025/07/Avernette.jpg 1280w" sizes="auto, (max-width: 767px) 89vw, (max-width: 1000px) 54vw, (max-width: 1071px) 543px, 580px" /></figure>



<div class="wp-block-columns are-vertically-aligned-center is-layout-flex wp-container-core-columns-is-layout-9d6595d7 wp-block-columns-is-layout-flex">
<div class="wp-block-column is-vertically-aligned-center is-layout-flow wp-block-column-is-layout-flow" style="flex-basis:100%"></div>
</div>



<div class="wp-block-media-text is-stacked-on-mobile" style="grid-template-columns:41% auto"><figure class="wp-block-media-text__media"><img loading="lazy" decoding="async" width="265" height="168" src="http://avernette.org/wp-content/uploads/2025/07/image-5.png" alt="" class="wp-image-260 size-full"/></figure><div class="wp-block-media-text__content">
<p class="has-vivid-cyan-blue-color has-text-color has-link-color wp-elements-cd657e169787d826c3c02a7aa838ae72"><em>Glossaire Étymologique Et Historique Des Parlers Et Patois de L&rsquo;anjou (A.-J. Verrier &amp; R. Onillon, 1908) (Tome 1)</em></p>



<p class="has-vivid-cyan-blue-color has-text-color has-link-color has-medium-font-size wp-elements-bb1794573e0449147c30a28ad9772488"><em><strong>En ancien patois angevin Avernette veut dire « Aventure » un chemin fait de questionnements  et de richesses.</strong></em></p>
</div></div>



<h1 class="wp-block-heading has-large-font-size"><strong><mark style="background-color:rgba(0, 0, 0, 0)" class="has-inline-color has-vivid-cyan-blue-color">L&rsquo;habitat participatif, c&rsquo;est quoi ? </mark></strong></h1>



<p class="has-text-align-center has-medium-font-size"><mark style="background-color:rgba(0, 0, 0, 0)" class="has-inline-color has-vivid-cyan-blue-color"><strong>L’habitat participatif, c’est construire avec ses voisin.e.s de nouvelles manières de se loger, plus solidaires, plus conviviales, plus durables</strong></mark>.</p>



<p class="has-vivid-red-color has-text-color has-link-color has-medium-font-size wp-elements-e3d8e9336fff8799336255c7c18c065e"><strong>UNE AVENTURE COLLECTIVE</strong></p>



<div class="wp-block-media-text is-stacked-on-mobile"><figure class="wp-block-media-text__media"><img loading="lazy" decoding="async" width="1024" height="768" src="http://avernette.org/wp-content/uploads/2025/07/reunion-2023.6-1-1024x768.jpg" alt="" class="wp-image-208 size-full" srcset="http://avernette.org/wp-content/uploads/2025/07/reunion-2023.6-1-1024x768.jpg 1024w, http://avernette.org/wp-content/uploads/2025/07/reunion-2023.6-1-300x225.jpg 300w, http://avernette.org/wp-content/uploads/2025/07/reunion-2023.6-1-768x576.jpg 768w, http://avernette.org/wp-content/uploads/2025/07/reunion-2023.6-1-1536x1152.jpg 1536w, http://avernette.org/wp-content/uploads/2025/07/reunion-2023.6-1.jpg 2016w" sizes="auto, (max-width: 767px) 89vw, (max-width: 1000px) 54vw, (max-width: 1071px) 543px, 580px" /></figure><div class="wp-block-media-text__content">
<p>L’habitat participatif est une démarche collective qui permet à un groupe de personnes de s’associer pour concevoir ensemble leur projet d’habitat, associés ou non à un opérateur immobilier. <br>Les futurs habitants participent à la<br>conception de leurs logements et des espaces destinés à être partagés. <br>Ils peuvent ainsi construire ou rénover un bâtiment, adapter leurs logements à leurs besoins, expérimenter et<br>inventer des modes d&rsquo;habiter.<br>Ce terme rassemble une grande diversité de situations qui rendent la démarche accessible à de nombreux ménages selon l’énergie, le temps et les moyens de chacun.</p>
</div></div>



<p></p>



<h2 class="wp-block-heading has-vivid-red-color has-text-color has-link-color wp-elements-196c09aa6bd0e6056e6759ef4eddd55e"><strong>UNE COOPÉRATIVE D&rsquo;HABITANTS</strong></h2>



<div class="wp-block-cover" style="min-height:492px;aspect-ratio:unset;"><img loading="lazy" decoding="async" width="226" height="298" class="wp-block-cover__image-background wp-image-104" alt="" src="http://avernette.org/wp-content/uploads/2025/07/ecologique-1.png" data-object-fit="cover"/><span aria-hidden="true" class="wp-block-cover__background has-background-dim"></span><div class="wp-block-cover__inner-container is-layout-flow wp-block-cover-is-layout-flow">
<div class="wp-block-group"><div class="wp-block-group__inner-container is-layout-constrained wp-block-group-is-layout-constrained">
<p>La nature juridique de la coopérative se distingue des autres projets d’habitat participatif par le modèle de la &nbsp;<strong>propriété collective</strong>. Dans une coopérative d’habitant, les habitants ne sont pas individuellement propriétaires.Ils sont associées, ou coopérateurs, C’est la coopérative qui est propriétaire.L’acquisition du terrain, et la construction du logement se fait grâce à des parts sociales, achetés par les futurs habitants,. C’est l’apport de départ, qui sera complété par un prêt souscrit par la coopérative.Le financement, est donc collectif, et il peut être mutualisé…Chacun participe selon ses possibilités, dans le mesure où la globalité de l&rsquo;opération est financée.</p>



<p>Les coopérateurs.trices deviennent ensuite, usagers de la coopérative en&nbsp; habitant leur logement, et versent une redevance à la coopérative. Ces redevances permettent à la coopérative de s’acquitter de ses charges de remboursement d’emprunt. Elles assurent aussi une provision pour grosses réparations , et pour vacances de loyer et impayés. En cas de départ d&rsquo;un.e coopérateurs.trices, la coopérative est tenu de lui rembourser les parts sociales versées au départ.</p>



<p></p>
</div></div>
</div></div>



<h2 class="wp-block-heading"><strong>FOIRE AUX QUESTIONS &#8211; COOPÉRATIVE</strong></h2>



<p>Les statuts de notre coopérative sont en cours de rédaction, ils devraient être déposés en fin d&rsquo;année 2025. En attendant de disposer de nos propres documents, nous proposons ci dessous un lien vers la Foire aux questions d&rsquo;une coopérative d&rsquo;habitants ouverte depuis mars 2024 à St Macaire en Mauges. Nous avons le même accompagnateur, par conséquent les réponses de l&rsquo;Avernette ne devraient pas beaucoup diverger. <strong>MERCI A VOISIN&rsquo;AGES POUR CET AIMABLE PARTAGE .</strong></p>



<figure class="wp-block-embed is-type-wp-embed is-provider-voisin-039-ages wp-block-embed-voisin-039-ages"><div class="wp-block-embed__wrapper">
<blockquote class="wp-embedded-content" data-secret="s2auquLMDI"><a href="https://habitatparticipatifvoisinages.fr/la-cooperative/foire-aux-questions/">Foire aux Questions</a></blockquote><iframe loading="lazy" class="wp-embedded-content" sandbox="allow-scripts" security="restricted" style="position: absolute; visibility: hidden;" title="« Foire aux Questions » &#8212; Voisin&#039;Ages" src="https://habitatparticipatifvoisinages.fr/la-cooperative/foire-aux-questions/embed/#?secret=R7oQ3apT3f#?secret=s2auquLMDI" data-secret="s2auquLMDI" width="525" height="296" frameborder="0" marginwidth="0" marginheight="0" scrolling="no"></iframe>
</div></figure>



<h2 class="wp-block-heading has-vivid-red-color has-text-color has-link-color wp-elements-5112b134382568e56a9b434d82d38979"><strong>UNE HISTOIRE ET UN AVENIR TOURNÉS VERS LE QUARTIER</strong></h2>



<div class="wp-block-media-text is-stacked-on-mobile" style="grid-template-columns:44% auto"><figure class="wp-block-media-text__media"><img loading="lazy" decoding="async" width="1024" height="768" src="http://avernette.org/wp-content/uploads/2025/07/mairie-26-sept-2024-1.jpg1_-1.jpg-3-1-1024x768.jpg" alt="" class="wp-image-264 size-full" srcset="http://avernette.org/wp-content/uploads/2025/07/mairie-26-sept-2024-1.jpg1_-1.jpg-3-1-1024x768.jpg 1024w, http://avernette.org/wp-content/uploads/2025/07/mairie-26-sept-2024-1.jpg1_-1.jpg-3-1-300x225.jpg 300w, http://avernette.org/wp-content/uploads/2025/07/mairie-26-sept-2024-1.jpg1_-1.jpg-3-1-768x576.jpg 768w, http://avernette.org/wp-content/uploads/2025/07/mairie-26-sept-2024-1.jpg1_-1.jpg-3-1-1536x1152.jpg 1536w, http://avernette.org/wp-content/uploads/2025/07/mairie-26-sept-2024-1.jpg1_-1.jpg-3-1.jpg 1984w" sizes="auto, (max-width: 767px) 89vw, (max-width: 1000px) 54vw, (max-width: 1071px) 543px, 580px" /></figure><div class="wp-block-media-text__content">
<p>L’Avernette est un projet d’habitat participatif intergénérationnel initié à partir d’un groupe d’habitant.e.s de Murs Erigné en 2018/2019. Structurée en Association loi 1901 en juin 2020, l’Avernette a pris contact  cette même année avec la mairie de Ste Gemmes sur Loire pour aboutir en 2022 à la réservation d&rsquo;une parcelle dans la ZAC de la Jolivetterie. En février 2024, l’Avernette valide&nbsp; la proposition de l’aménageur concernant l’emplacement , la surface et la forme d’un ilot de 2091 m² située à la limite Nord Est de la parcelle globale. </p>



<p>Le projet Avernette, s&rsquo;inclue dans une opération d’aménagement ambitieux et conséquent visant le label « éco-quartier » .</p>



<p>Il s&rsquo;inscrit dans un dynamique d&rsquo;ouverture   aux habitants du quartier et de la commune. Les activités collectives ou festives seront accessibles aux personnes extérieures. Un jardin potager  partagé au sein de la ZAC sera animé par l&rsquo;Avernette, symbole de notre volonté de créer un espace de<br>partage et de transmission. <br></p>
</div></div>



<p></p>

<p>Glossaire Étymologique Et Historique Des Parlers Et Patois de L&rsquo;anjou (A.-J. Verrier &amp; R. Onillon, 1908) (Tome 1) En ancien patois angevin Avernette veut dire « Aventure » un chemin fait de questionnements et de richesses. L&rsquo;habitat participatif, c&rsquo;est quoi ? L’habitat participatif, c’est construire avec ses voisin.e.s de nouvelles manières de se loger, plus &hellip; </p>
<p class="link-more"><a href="http://avernette.org/" class="more-link">Continuer la lecture<span class="screen-reader-text"> de &laquo;&nbsp;Accueil&nbsp;&raquo;</span></a></p>
